Suppose -k + 13 = -0*k. Suppose -5*b + 20 = 0, 5*w = 5*b - k + 3. Let n(x) = 3 - 4*x - x**3 - 3*x**3 - x**2 - 5*x**w + 3*x**3. What is n(-5)?
-2
Let o(l) be the second derivative of 7/2*l**2 + 1/12*l**4 + 0 + 5/6*l**3 + 6*l. What is o(-6)?
13
Let b(g) = g**2 + 2*g + 4. Let d be b(-4). Suppose 0 = -7*s + d*s. Let a(l) = -l - l + l + s. Give a(6).
-6
Let y(u) be the first derivative of -u**3/3 + 2*u**2 - 3*u + 65. Suppose 4*q - 16 = 2*w, w + 4*w + 13 = q. Determine y(q).
0
Let t(m) be the third derivative of m**4/12 + 2*m**3/3 - 3*m**2 - 29. Give t(-5).
-6
Suppose -60 = 7*u - 11*u. Let z = -22 + u. Let s(m) = -m**2 - 5*m + 9. Calculate s(z).
-5
Suppose 3*f = 18 - 0. Suppose 0 = 23*h - 25*h - f. Let r(l) = 2*l**2 + 2*l - 3. What is r(h)?
9
Let t(r) = r + 1. Let w(a) = -4*a - 27. Let o(y) = 3*t(y) + w(y). Determine o(-19).
-5
Let j(i) = -i**3 - i**2 + 1426*i - 1426*i. What is j(-1)?
0
Let b(n) = 3*n + 11. Let a(r) = -r**3 - 10*r**2 - 10*r - 5. Let f be a(-9). Let z(y) = 3*y + 10. Let l(h) = f*b(h) - 5*z(h). Give l(-6).
12
Let s(x) = -x**3 - 5*x**2 - x + 5. Suppose 2*n - 8 = -2. Suppose n*z + 4*i = z - 8, 0 = -5*z - i + 7. Suppose c + z = -3. What is s(c)?
10
Let h = 5 - 3. Let y(g) = -3*g + 9. Let u(j) = 7*j - 18. Let r(v) = h*u(v) + 5*y(v). What is r(5)?
4
Let h be (1/(6/8))/((-8)/(-12)). Let u(v) = v**3 - 2*v**2 - 4*v + 2. Let i be u(h). Let m(x) = -x**2 - 2*x + 6. What is m(i)?
-18
Let d(w) = 0 + w**2 + 4 - 5*w - w + 0. Let p(j) = -j**3 - 12*j**2 - 1. Let f be p(-12). Let s be -3 + (-2 - f) + 8. Give d(s).
-4
Let x be (0 + -4 + -1)*-1. Suppose -x*t + 5*a = -55, 3*t + 0*a = a + 29. Let n(b) = b**3 - 9*b**2 + b - 4. What is n(t)?
5
Let y(h) = -h - 4. Let p be y(-3). Let x(v) = -2*v + 2 - 7*v + 14*v - 1 - 2. Calculate x(p).
-6
Let y(a) = 10228 - a**2 - 5112 - 5110 + 12*a. Give y(11).
17
Let m(c) be the second derivative of -1/20*c**5 + 1/2*c**4 + c**2 - c + 26 + 0*c**3. Determine m(6).
2
Let r(g) = 3*g**3 + 12*g**2 + 3*g**3 - g**2 - 5*g**3 + 8 - 4*g**2. What is r(-7)?
8
Let h(d) = -d**2 + d - 4. Let x(t) = t**3 - 3*t**2 - 11*t + 8. Let q = 5 - 0. Let b be x(q). Calculate h(b).
-10
Let c(g) = 2*g + 1. Let j(d) = -15*d - 3. Let p(s) = -6*c(s) - j(s). What is p(-2)?
-9
Let o(l) = -l**3 + 10*l**2 - 11*l + 10. Let b(g) = g**3 + 13*g**2 + 12*g + 9. Let d be b(-12). Calculate o(d).
-8
Let k be (-22)/(-4) - 2/4. Let y(s) = -4*s**3 + 9*s**2 - 4*s + 8. Let j(r) = -r**3 + r**2 + 1. Let w(u) = -3*j(u) + y(u). Determine w(k).
10
Let q(k) = -2*k**2 + 27*k**3 + 2 - 8*k**3 - 10*k**3 - 8*k**3. What is q(2)?
2
Let f = 50 + -37. Suppose 0 = 2*i - f + 3. Let z(c) = c**3 - 6*c**2 + 2*c + 7. Calculate z(i).
-8
Let l be 143/22 + (-1)/(-2). Suppose -8 = -11*s + l*s. Let y(x) = -3 + 52*x - s - x**2 - 51*x. What is y(0)?
-5
Let q(y) = y**2 - 9*y + 13. Let u be q(8). Let s(g) = 0*g - g - 12 + u. Determine s(-7).
0
Let s = -65 + 97. Let g = s - 38. Let i(w) be the second derivative of w**5/20 + w**4/2 - w**3/3 - 2*w**2 + w. Determine i(g).
8
Let s(l) = 0*l**3 + 1 + 2 + 4*l**2 - 7*l - 13*l**2 - l**3. Let o(r) = 11*r + 3. Let u be o(-1). Determine s(u).
-5
Let r(b) be the second derivative of -b**4/12 + b**3/3 - 3*b**2/2 - 205*b. Calculate r(5).
-18
Suppose -4*h - 2 - 2 = 0. Let d be h/(-5) + 63/(-15). Let u(c) = -17*c - c**2 - 3*c**2 + 15*c - c**3 - 6. What is u(d)?
2
Let l(q) = 1 + 3*q - 4*q + 1 + 0*q. Let v(i) = i - 3. Let g(f) = -5*l(f) - 6*v(f). What is g(4)?
4
Let x be ((-2)/4)/(2/24). Let a(h) = 3*h**3 + 5*h**2 - 3*h + 6. Let r(u) = -u**3. Let q(w) = a(w) + 2*r(w). Calculate q(x).
-12
Let k(g) be the second derivative of g**4/4 + 2*g**3 + 5*g**2/2 - 5*g. Let q be k(-4). Let z(m) = m**2 - 9*m + 4. Determine z(q).
-16
Let h(v) = 3*v - 9. Let n(q) = -3*q + 8. Let k(s) = -4*h(s) - 5*n(s). Let j(o) = -o - 1. Let y be (-4)/2*5/2. Let x be j(y). Give k(x).
8
Let o(k) = -8*k - 8. Let j be o(-4). Let b(w) = 13*w - 24 + j - 2*w. Calculate b(-1).
-11
Let o(u) = u - 8. Suppose y - 5*y + 4*i - 4 = 0, 0 = 4*y + 4*i - 20. Suppose 3*r + 0*g = -y*g + 3, r + 4*g = 11. Let t = r + 7. Calculate o(t).
-2
Let k = 386 - 388. Let i(f) = -f**3 - f - 2. Determine i(k).
8
Let p(s) be the third derivative of s**6/360 + s**5/20 - s**4/3 + 43*s**3/6 - 16*s**2. Let m(w) be the first derivative of p(w). Determine m(-7).
-1
Let s(o) = o**3 + o**2 - o. Let c(p) = -p**3 + 7*p**2 + 9*p - 11. Let t(q) = -c(q) - 2*s(q). Let m(j) = -8*j**2 - j - 1. Let d be m(-1). Give t(d).
3
Let p(j) = 3*j - 15. Let x be p(-8). Let s = x - -38. Let o(z) = -z. Determine o(s).
1
Let s(i) = i + 1. Let a(c) = c**3 + 5*c**2 + 12*c + 9. Suppose -20 = -12*p + 8*p. Let x(g) = p*s(g) - a(g). What is x(-4)?
8
Let n(r) be the third derivative of 0*r - 1/8*r**4 + 0*r**3 - 1/20*r**5 + 13*r**2 + 0. Determine n(-2).
-6
Let p(l) = -l**2 - 4*l + 3. Let j = -94 - -59. Let r be (-38)/7 - (-20)/j. Give p(r).
-9
Let s(l) be the first derivative of 5*l**2/2 - 12*l + 1. Let q(j) be the second derivative of j**3/2 - 4*j**2 + j. Let h(m) = -8*q(m) + 5*s(m). What is h(-3)?
1
Let r(p) = 0 - 9*p + 41*p**2 - 3 - 42*p**2 - 3. Give r(-6).
12
Let c(x) = -x**3 - 3*x**2 + x - 5. Let b(o) be the second derivative of -o**3/6 + 3*o**2 - 12*o. Let h be b(8). Let u be 1 - 10*(-1)/h. Calculate c(u).
7
Let x(r) = -r - 7. Let o(f) = -1. Let m(z) = z**3 - 6*z**2 + 4*z - 6. Let d be m(6). Let j be (9/d)/(1/2). Let q(s) = j*x(s) - 6*o(s). What is q(-1)?
0
Let r(s) = -s**2 + 9*s - 8. Let w = -1709 - -1716. Give r(w).
6
Let y(l) be the first derivative of 3*l**2/2 + 5*l - 97. Give y(-2).
-1
Let p(g) = -2 + 2 - g + 0*g - 1 + 2*g. Determine p(-4).
-5
Let u(f) be the first derivative of -1/3*f**3 - 7 - 9/2*f**2 - 7*f. Determine u(-6).
11
Let j(x) = -97*x - 11 - 83*x + 181*x. What is j(4)?
-7
Let a(l) = -91*l - l**2 - 1 + 2*l**3 + 90*l - l**3. Let p(z) = -12*z**3 + 3*z**2 + 3*z + 3. Let b(r) = -4*a(r) - p(r). Give b(-1).
-7
Let t be (-2)/6 - 7/((-63)/30). Let p(a) = -t - a**2 - 4*a + 5*a - 3*a. Calculate p(-3).
-6
Let n(m) = -m**3 + 6*m**2 - 6*m + 1. Let v(q) = q**3 - 8*q**2 - 9*q + 4. Let z be v(9). Suppose -7*o = -6*o - z. Give n(o).
9
Let i(k) = -k**3 + 6*k**2 - 7*k + 4. Let y be 0*(-2)/6 + -4. Let l be y/(-10) - 414/(-15). Suppose 0 = 5*d + 3 - l. Calculate i(d).
-6
Let w(c) = -2*c + 1. Let y(l) = -l**3 + 7*l**2 - 7*l + 7. Let o be y(6). Calculate w(o).
-1
Let l = 276 + -281. Let i(t) = t**3 + 7*t**2 + 7*t + 5. Calculate i(l).
20
Let t(i) be the first derivative of -2*i**3/3 + i**2/2 + i - 390. Let f = 4 - 5. Give t(f).
-2
Let v(h) be the third derivative of h**5/60 + h**4/8 + h**3/3 - 32*h**2. Suppose -2*d + 120 = -18. Let j be 1/(-6) + d/(-18). What is v(j)?
6
Let v(l) be the third derivative of 13*l**6/60 - l**5/30 + l**3/6 + 32*l**2 + 2*l. Determine v(1).
25
Let h(a) be the second derivative of a**3/6 + 2*a**2 - a - 6. Suppose 3*g = 8*g - 40. Suppose -42 = 5*s - 4*q, 0 = 2*s - g*q + 3*q + 27. Calculate h(s).
-2
Let h = 2837 + -2832. Let u(x) = x**2 - 4*x + 4. What is u(h)?
9
Suppose -28 = -f - 0*f - 5*h, -h - 1 = -2*f. Let i(z) = 0*z**2 + 6 + 6 - 4 + z - z**2 - z**f. Give i(0).
8
Let b(f) = 2*f**2 + 50*f - 109. Let d be b(-27). Let w(r) be the third derivative of -r**4/4 + 2*r**2. Give w(d).
6
Let s = -1075 - -1072. Let o(v) = -5*v**2 - v - 1. What is o(s)?
-43
Let d(k) = k + 7. Suppose -2 = 7*i - 3*i - 5*x, 0 = -2*i - x - 8. Determine d(i).
4
Let c(m) = -11*m + 3. Let o be c(-2). Suppose 0 = k + p, -4*k + 4*p + o = -3*k. Let j(t) = -t + 3. What is j(k)?
-2
Suppose -3*w = 3*w. Let p(u) = w + 2 - 1 + 2*u - u. Suppose -2*i = -t, t + 4 = -2*t + 2*i. Give p(t).
-1
Let v(o) be the third derivative of o**4/24 + 5*o**3/2 + 212*o**2. Determine v(-12).
3
Let p(j) = -5*j**2 + 3*j - 13. Let z(t) = 4*t**2 - 2*t + 11. Let l(r) = -5*p(r) - 6*z(r). Give l(5).
9
Let w(b) be the second derivative of b**5/20 - 7*b**4/12 + 7*b**3/6 - 7*b**2/2 - b. Let u = -27 + 29. Let g = u + 4. Give w(g).
-1
Let v = 2 + 0. Let j(p) = 1 - 6*p + 2*p + 0*p + 2*p**2 + 6*p. What is j(v)?
13
Let b = -4485 + 4486. Let z(l) be the first derivative of -2*l**3 - 1 + 0 - 2*l**3 + l. What is z(b)?
-11
Let w(t) = 4*t**2 - t. Let g be (-1 + 0 + 2)/(31 - 30). Give w(g).
3
Let t(v) = -5*v**2 + v - 3. Let n(d) = d - 2. Let r(g) = -2*n(g) + t(g). Let i(f) = f**3 - 5*f**2 + 1. Let p be i(5). Determine r(p).
-5
S